{"id":15,"date":"2021-11-16T18:19:41","date_gmt":"2021-11-16T17:19:41","guid":{"rendered":"https:\/\/janina.herz-geist-unio.de\/?page_id=15"},"modified":"2022-02-09T16:40:32","modified_gmt":"2022-02-09T15:40:32","slug":"der-weg","status":"publish","type":"page","link":"https:\/\/janina.herz-geist-unio.de\/?page_id=15","title":{"rendered":"Der Weg"},"content":{"rendered":"\n<p><a href=\"#im-anfang-war\">0. Im Anfang war&#8230;<\/a><br><a href=\"#suchen-und-fragen\">1. Suchen und Fragen<\/a><br><a href=\"#finden-und-antworten\">2. Finden und Antworten<\/a><br><a href=\"#waehlen-entscheiden-tun\">3. W\u00e4hlen, Entscheiden und Tun<\/a><br><a href=\"#reflektieren-verstehen\">4. Reflektieren und Verstehen<\/a><br><a href=\"#fortschreiten\">5. = 0. Fortschreiten<\/a><\/p>\n\n\n\n<figure class=\"wp-block-image size-large\"><img loading=\"lazy\" decoding=\"async\" width=\"752\" height=\"1024\" src=\"https:\/\/janina.herz-geist-unio.de\/wp-content\/uploads\/2022\/02\/Geburt-einer-Idee-752x1024.jpg\" alt=\"\" class=\"wp-image-328\" srcset=\"https:\/\/janina.herz-geist-unio.de\/wp-content\/uploads\/2022\/02\/Geburt-einer-Idee-752x1024.jpg 752w, https:\/\/janina.herz-geist-unio.de\/wp-content\/uploads\/2022\/02\/Geburt-einer-Idee-220x300.jpg 220w, https:\/\/janina.herz-geist-unio.de\/wp-content\/uploads\/2022\/02\/Geburt-einer-Idee-768x1046.jpg 768w, https:\/\/janina.herz-geist-unio.de\/wp-content\/uploads\/2022\/02\/Geburt-einer-Idee-1128x1536.jpg 1128w, https:\/\/janina.herz-geist-unio.de\/wp-content\/uploads\/2022\/02\/Geburt-einer-Idee-1503x2048.jpg 1503w, https:\/\/janina.herz-geist-unio.de\/wp-content\/uploads\/2022\/02\/Geburt-einer-Idee-scaled.jpg 1879w\" sizes=\"auto, (max-width: 752px) 100vw, 752px\" \/><figcaption>&#8222;Geburt einer Idee&#8220; gemalt von DaWi<\/figcaption><\/figure>\n\n\n\n<h2 class=\"wp-block-heading\" id=\"im-anfang-war\">0. Im Anfang war &#8230;<\/h2>\n\n\n\n<p class=\"has-drop-cap\">? Das Wort? Der Wille? Ein innerer Ruf, vielleicht der Anruf Gottes? Eine schwer zu bestimmende Sehnsucht? Eine Unzufriedenheit mit dem eigenen Leben, ohne dass es objektiv einen Grund daf\u00fcr geben w\u00fcrde? Die Ahnung von etwas Gr\u00f6\u00dferem? Eine schmerzhafte Neubesinnung nach einer Krise? Wut? Verzweiflung? Neugierde? Eine pl\u00f6tzlich aufgetauchte fixe Idee, die Dich nicht mehr losl\u00e4sst? Vielleicht von allem ein bisschen? Vielleicht nichts von alledem, sondern etwas g\u00e4nzlich anderes?<\/p>\n\n\n\n<p>Die Anf\u00e4nge sind so verschieden wie die Menschen, denen sie geh\u00f6ren. Oft sind sie uns anfangs fast zur G\u00e4nze unbewusst. Doch allen gemeinsam ist, dass ihnen ein geheimnisvoller Antrieb innewohnt. Er spornt uns an, so dass wir uns auf den Weg machen. Der Weg beginnt.<\/p>\n\n\n\n<h2 class=\"wp-block-heading\" id=\"suchen-und-fragen\">1. Suchen und Fragen<\/h2>\n\n\n\n<p>Der Weg wird zur Suche. Nach Antworten, so k\u00f6nnte man meinen. Doch Antworten worauf? Was sind Deine Fragen???<\/p>\n\n\n\n<p>Die Suche, um die es hier geht, ist von besonderer Art. Wir wissen n\u00e4mlich oft noch nicht, was wir eigentlich genau suchen. So f\u00fchrt die Suche in die Tiefe. Der Schl\u00fcssel liegt im <em>richtigen Fragen<\/em>. Wer die eigenen Lebensfragen kennt und stellt, macht sich bereit f\u00fcr die Antworten.<\/p>\n\n\n\n<p>Der Weg geht weiter und wir erkennen, dass er mitten durch uns hindurchf\u00fchrt. Das Ziel des Weges ist Selbsterkenntnis. Das Leben selbst erteilt uns diesen Auftrag. Wir suchen Selbsterkenntnis.<\/p>\n\n\n\n<h2 class=\"wp-block-heading\" id=\"finden-und-antworten\">2. Finden und Antworten<\/h2>\n\n\n\n<p>Wer sucht, der findet. Und wer fragt, erh\u00e4lt Antwort. Das klingt so selbstverst\u00e4ndlich. Doch nur wer sich auf den Weg macht und sucht, der findet auch. Und nur wer fragt, erh\u00e4lt auch Antwort. Etwas finden und bekommen ohne eigene Anstrengung wollen wir alle. Das ist leicht. Wir m\u00fcssen aber selbst aktiv werden. Dann jedoch werden wir belohnt und finden allm\u00e4hlich Antworten auf unsere Fragen.<\/p>\n\n\n\n<p>Wenn wir unsere Fragen kennen und uns Richtung Selbsterkenntnis bewegen, sind wir schon eine gute Strecke auf dem Weg vorangekommen. Wir sammeln Erfahrungen. Nichts macht einen Menschen so reich wie sein Schatz an Lebenserfahrung. Je mehr wir uns unserer selbst bewusst sind, umso st\u00e4rker werden wir und umso leichter f\u00e4llt es uns den Weg zu gehen. Je \u00f6fter wir die Erfahrung machen, dass wir tats\u00e4chlich Antworten finden, umso zuversichtlicher stimmt uns das.<\/p>\n\n\n\n<p>Wir suchen und fragen, finden erste Antworten und beginnen unsererseits darauf zu antworten und die Antworten weiterzudenken. Unser Blick weitet sich. Das Ziel des Weges ist Selbsterkenntnis <em>und<\/em> Wirklichkeitserkenntnis. Das Leben selbst erteilt uns diesen Auftrag. Wir suchen und finden Selbsterkenntnis. Wir suchen und finden Wirklichkeitserkenntnis.<\/p>\n\n\n\n<h2 class=\"wp-block-heading\" id=\"waehlen-entscheiden-tun\">3. W\u00e4hlen, Entscheiden und Tun<\/h2>\n\n\n\n<p>Wir beginnen zu erahnen, dass der Verlauf des Weges keineswegs vorgegeben sein muss, es sei denn wir wollen es so. Wir k\u00f6nnen den Verlauf unseres Lebensweges entscheidend beeinflussen. Je weiter unser Blick wird, umso mehr M\u00f6glichkeiten sehen wir f\u00fcr uns. Es gibt Alternativen. Der Weg verzweigt sich. Wir k\u00f6nnen frei w\u00e4hlen. Es er\u00f6ffnen sich uns <em>neue Wege<\/em>.<\/p>\n\n\n\n<p>Es kann verlockend sein, an solchen Weggabelungen zu verweilen, einfach stehen zu bleiben und den bunten Strau\u00df an Optionen zu genie\u00dfen. Oder aber es ist die ber\u00fchmte Qual der Wahl und die Entscheidung f\u00e4llt schwer, denn oft kann nur eine M\u00f6glichkeit Wirklichkeit, nur eine Alternative gew\u00e4hlt werden. Der Wunsch, sich unbedingt richtig zu entscheiden, l\u00e4sst uns z\u00f6gern. Doch das bedeutet Stillstand. Der Weg kann erst fortgesetzt werden, <em>wenn Du Dich entscheidest<\/em>.<\/p>\n\n\n\n<p>Grundvoraussetzungen einer &#8222;guten&#8220; Entscheidung sind: <\/p>\n\n\n\n<ol class=\"wp-block-list\"><li>dass wir uns von Angst freimachen (denn eine aus Angst getroffene Entscheidung ist niemals gut),<\/li><li>dass wir die Entscheidung bewusst treffen,<\/li><li>dass wir die Verantwortung f\u00fcr die Konsequenzen unserer Entscheidung \u00fcbernehmen.<\/li><\/ol>\n\n\n\n<p>Es kommt nicht darauf an, aus einer edlen Motivation heraus zu handeln. Es kommt auch nicht darauf an, dass wir alle Konsequenzen schon im Vorfeld genau \u00fcberblicken k\u00f6nnen. <em>Jede<\/em> angstfreie, bewusste Entscheidung mit Verantwortungs\u00fcbernahme ist eine &#8222;gute&#8220; Entscheidung in diesem Sinne.<\/p>\n\n\n\n<p>Doch Entscheiden allein gen\u00fcgt noch nicht, die Entscheidung muss auch aktiv umgesetzt werden. Wir m\u00fcssen <em>tun<\/em>, wozu wir uns entschieden haben. Wir m\u00fcssen entschlossen den gew\u00e4hlten Weg fortsetzen. Wir k\u00f6nnen dabei immer nur auf einem Weg gehen. Wer versucht, mehrgleisig zu fahren, wird schnell feststellen, dass er so nicht recht vorankommt.<\/p>\n\n\n\n<p>Vor den Entscheidungen des eigenen Lebens kann sich niemand dr\u00fccken. Niemand kann stellvertretend f\u00fcr Dich Deinen Lebensweg gehen. Du musst ihn alleine gehen. Habe Mut! Nimm die Herausforderung an!<\/p>\n\n\n\n<h2 class=\"wp-block-heading\" id=\"reflektieren-verstehen\">4. Reflektieren und Verstehen<\/h2>\n\n\n\n<p>Wir gehen den Weg weiter. Dabei profitieren wir von allem, was wir dabei erleben, umso mehr, je mehr wir dar\u00fcber nachdenken und reflektieren. Entscheidend ist der Wunsch zu lernen. Unser Blick weitet sich weiter. Das Ziel des Weges ist Selbsterkenntnis <em>und<\/em> Wirklichkeitserkenntnis <em>und<\/em> Weiterentwicklung. Das Leben selbst erteilt uns diesen Auftrag. Wir reflektieren \u00fcber unsere Erkenntnisse und Erfahrungen und entwickeln uns dadurch weiter.<\/p>\n\n\n\n<h2 class=\"wp-block-heading\" id=\"fortschreiten\">5. = 0. Fortschreiten<\/h2>\n\n\n\n<p>Wenn wir eine gewisse Wegstrecke zur\u00fcckgelegt haben, merken wir, dass manche Stationen und pr\u00e4gnante Wegmarken immer wieder aufzutauchen scheinen. Erfahrungen wiederholen sich, und wir fragen uns dann, wo der Fortschritt dabei bleibt. Manchmal scheint es, als w\u00fcrden wir im Kreis gehen, immer wieder um denselben Berg herum. Das kann zu Zweifeln f\u00fchren, ob sich die M\u00fche des Weitergehens lohnt, ob der Weg \u00fcberhaupt ein Ziel hat und wir jemals irgendwo ankommen werden. Je weiter wir vorankommen, umso h\u00e4ufiger finden wir uns pl\u00f6tzlich scheinbar ganz am Anfang wieder.<\/p>\n\n\n\n<p>Doch der Weg verl\u00e4uft keineswegs auf einer reinen Kreisbahn, denn wir sind nicht mehr dieselben, die wir waren, als wir zuvor bereits an einer ganz \u00e4hnlichen Station standen. Wir sind jetzt reicher an Lebenserfahrung. Die Reflexion erm\u00f6glicht es uns das Muster des Weges zu entschl\u00fcsseln: Wir bewegen uns nicht auf einer Kreisbahn, wo sich nichts ver\u00e4ndert, sondern der Weg verl\u00e4uft spiralf\u00f6rmig. W\u00e4hrend wir ihm folgen, gehen wir <em>aufw\u00e4rts<\/em>, oft ohne das zu merken. Wenn wir uns dann einen vertrauten Punkt auf dem Weg, an dem wir vermeintlich zuvor schon einmal angelangt waren, genauer betrachten, stellen wir fest, dass es zwar der gleiche Punkt ist, doch dass wir ihm nun auf einer h\u00f6heren Ebene begegnen. Wir haben uns weiterentwickelt. Unser Blick reicht nun weiter und wir k\u00f6nnen den vermeintlich bekannten Punkt nun viel umfassender und tiefer \u00fcberblicken und verstehen, als das fr\u00fcher je m\u00f6glich gewesen w\u00e4re.<\/p>\n\n\n\n<p>Der Weg ist eine Spirale, eine Entwicklungsspirale. Er geht immer weiter &#8211; ganz gleich wie endg\u00fcltig uns ein Ereignis auch zu sein scheint. Wir folgen einer ewigen Entwicklung und die ist niemals zu Ende. Das ist der vielleicht einzige echte Trost, den wir haben k\u00f6nnen. Jedes Ende ist in Wahrheit ein neuer Anfang. Der Weg beginnt erneut und f\u00fchrt \u00fcber die bekannten Stationen hinweg. Der Weg selbst ist das Ziel. Suchen und Fragen, Finden und Antworten, W\u00e4hlen, Entscheiden und Tun, Reflektieren und Verstehen. Es ist ein ewiger Zyklus. Jedes Durchlaufen des Zyklus ist Fortschritt. Das ist DER WEG.<\/p>\n\n\n\n<p><\/p>\n","protected":false},"excerpt":{"rendered":"<p>0. Im Anfang war&#8230;1. Suchen und Fragen2. Finden und Antworten3. W\u00e4hlen, Entscheiden und Tun4. Reflektieren und Verstehen5. = 0. Fortschreiten 0. Im Anfang war &#8230; ? Das Wort? Der Wille? Ein innerer Ruf, vielleicht der Anruf Gottes? Eine schwer zu <a class=\"more-link\" href=\"https:\/\/janina.herz-geist-unio.de\/?page_id=15\">weiterlesen&#8230;<\/a><\/p>\n","protected":false},"author":1,"featured_media":0,"parent":0,"menu_order":0,"comment_status":"closed","ping_status":"closed","template":"","meta":{"footnotes":""},"class_list":["post-15","page","type-page","status-publish","hentry"],"_links":{"self":[{"href":"https:\/\/janina.herz-geist-unio.de\/index.php?rest_route=\/wp\/v2\/pages\/15","targetHints":{"allow":["GET"]}}],"collection":[{"href":"https:\/\/janina.herz-geist-unio.de\/index.php?rest_route=\/wp\/v2\/pages"}],"about":[{"href":"https:\/\/janina.herz-geist-unio.de\/index.php?rest_route=\/wp\/v2\/types\/page"}],"author":[{"embeddable":true,"href":"https:\/\/janina.herz-geist-unio.de\/index.php?rest_route=\/wp\/v2\/users\/1"}],"replies":[{"embeddable":true,"href":"https:\/\/janina.herz-geist-unio.de\/index.php?rest_route=%2Fwp%2Fv2%2Fcomments&post=15"}],"version-history":[{"count":25,"href":"https:\/\/janina.herz-geist-unio.de\/index.php?rest_route=\/wp\/v2\/pages\/15\/revisions"}],"predecessor-version":[{"id":329,"href":"https:\/\/janina.herz-geist-unio.de\/index.php?rest_route=\/wp\/v2\/pages\/15\/revisions\/329"}],"wp:attachment":[{"href":"https:\/\/janina.herz-geist-unio.de\/index.php?rest_route=%2Fwp%2Fv2%2Fmedia&parent=15"}],"curies":[{"name":"wp","href":"https:\/\/api.w.org\/{rel}","templated":true}]}}