{"id":294,"date":"2022-01-05T14:00:04","date_gmt":"2022-01-05T13:00:04","guid":{"rendered":"https:\/\/janina.herz-geist-unio.de\/?page_id=294"},"modified":"2022-02-09T16:19:36","modified_gmt":"2022-02-09T15:19:36","slug":"abschied-trauerbegleitung","status":"publish","type":"page","link":"https:\/\/janina.herz-geist-unio.de\/?page_id=294","title":{"rendered":"Abschied &#038; Trauerbegleitung"},"content":{"rendered":"\n<figure class=\"wp-block-image size-large\"><img loading=\"lazy\" decoding=\"async\" width=\"721\" height=\"1024\" src=\"https:\/\/janina.herz-geist-unio.de\/wp-content\/uploads\/2022\/02\/Karfreitag-721x1024.jpg\" alt=\"\" class=\"wp-image-312\" srcset=\"https:\/\/janina.herz-geist-unio.de\/wp-content\/uploads\/2022\/02\/Karfreitag-721x1024.jpg 721w, https:\/\/janina.herz-geist-unio.de\/wp-content\/uploads\/2022\/02\/Karfreitag-211x300.jpg 211w, https:\/\/janina.herz-geist-unio.de\/wp-content\/uploads\/2022\/02\/Karfreitag-768x1091.jpg 768w, https:\/\/janina.herz-geist-unio.de\/wp-content\/uploads\/2022\/02\/Karfreitag-1081x1536.jpg 1081w, https:\/\/janina.herz-geist-unio.de\/wp-content\/uploads\/2022\/02\/Karfreitag-1441x2048.jpg 1441w, https:\/\/janina.herz-geist-unio.de\/wp-content\/uploads\/2022\/02\/Karfreitag-scaled.jpg 1802w\" sizes=\"auto, (max-width: 721px) 100vw, 721px\" \/><figcaption>&#8222;Karfreitag&#8220; gemalt von DaWi<\/figcaption><\/figure>\n\n\n\n<p class=\"has-drop-cap\">Abschied, Sterben, Tod, Loslassen, Trauer, schmerzhafter Verlust, Vermissen, Konfrontation mit der Endlichkeit des (eigenen) Lebens &#8211; das alles sind die wohl tiefsten existentiellen Erfahrungen im Leben von uns Menschen, auf die niemand scharf ist, die nicht sch\u00f6n sind und die doch jeder von uns fr\u00fcher oder sp\u00e4ter durchmachen muss. Das Allerwichtigste dabei ist, <em>nicht allein zu sein<\/em>. Doch auch inmitten einer engmaschigen Betreuung durch Profis wie \u00c4rzte und Bestatter und mitf\u00fchlende Freunde und Verwandte kann man sich allein f\u00fchlen, wenn alle &#8211; sei es aus R\u00fccksichtnahme oder eigener Hilf- und Sprachlosigkeit &#8211; nur um den hei\u00dfen Brei herumreden und alles gesch\u00e4ftige Treiben sich nur an der Oberfl\u00e4che abspielt, ohne die Seele in der Tiefe zu erreichen. Die Konfrontation mit Sterben und Tod aber fordert uns gerade zu einer tiefgehenden Auseinandersetzung und zur Besch\u00e4ftigung mit (eigenen) Glaubensvorstellungen heraus, will man nicht alles einfach nur verdr\u00e4ngen und wegdr\u00fccken. In dieser Situation will ich f\u00fcr Dich ein Ansprechpartner sein.<\/p>\n\n\n\n<p>Auch wenn keine Kirchenmitgliedschaft besteht, kann dennoch gerade im Angesicht des Todes der Wunsch nach einer Beerdigung mit christlichem Rahmen und einem expliziten Bezug zu Gott auftauchen. Ein gespanntes Verh\u00e4ltnis zur Institution Kirche muss sich nicht auf das Verh\u00e4ltnis zu Gott auswirken. Gott und die Kirche sind nicht identisch und die Kirche hat auch kein Monopol auf Ihn! Mag die Kirche nur ihre eigenen Mitglieder bestatten &#8211; Gott m\u00f6chte jeden Verstorbenen in Seinem Reich willkommen hei\u00dfen und jedem trauernden Angeh\u00f6rigen Trost spenden.<\/p>\n\n\n\n<p>Ich bin keine Pfarrerin, sondern eine von der Institution Kirche unabh\u00e4ngige examinierte Theologin und gl\u00e4ubige Christin. Der Tod ist f\u00fcr mich kein Tabuthema. Wenn Du Dir f\u00fcr die Trauerfeier zum Andenken eines verstorbenen Menschen einen christlichen, aber nicht kirchlichen Rahmen w\u00fcnschst, dann biete ich Dir von Herzen meine Dienste an. Ich kann Dich auch mit Gespr\u00e4chen in Deiner Trauer begleiten und unterst\u00fctzen.<\/p>\n","protected":false},"excerpt":{"rendered":"<p>Abschied, Sterben, Tod, Loslassen, Trauer, schmerzhafter Verlust, Vermissen, Konfrontation mit der Endlichkeit des (eigenen) Lebens &#8211; das alles sind die wohl tiefsten existentiellen Erfahrungen im Leben von uns Menschen, auf die niemand scharf ist, die nicht sch\u00f6n sind und die <a class=\"more-link\" href=\"https:\/\/janina.herz-geist-unio.de\/?page_id=294\">weiterlesen&#8230;<\/a><\/p>\n","protected":false},"author":2,"featured_media":0,"parent":0,"menu_order":0,"comment_status":"closed","ping_status":"closed","template":"","meta":{"footnotes":""},"class_list":["post-294","page","type-page","status-publish","hentry"],"_links":{"self":[{"href":"https:\/\/janina.herz-geist-unio.de\/index.php?rest_route=\/wp\/v2\/pages\/294","targetHints":{"allow":["GET"]}}],"collection":[{"href":"https:\/\/janina.herz-geist-unio.de\/index.php?rest_route=\/wp\/v2\/pages"}],"about":[{"href":"https:\/\/janina.herz-geist-unio.de\/index.php?rest_route=\/wp\/v2\/types\/page"}],"author":[{"embeddable":true,"href":"https:\/\/janina.herz-geist-unio.de\/index.php?rest_route=\/wp\/v2\/users\/2"}],"replies":[{"embeddable":true,"href":"https:\/\/janina.herz-geist-unio.de\/index.php?rest_route=%2Fwp%2Fv2%2Fcomments&post=294"}],"version-history":[{"count":6,"href":"https:\/\/janina.herz-geist-unio.de\/index.php?rest_route=\/wp\/v2\/pages\/294\/revisions"}],"predecessor-version":[{"id":314,"href":"https:\/\/janina.herz-geist-unio.de\/index.php?rest_route=\/wp\/v2\/pages\/294\/revisions\/314"}],"wp:attachment":[{"href":"https:\/\/janina.herz-geist-unio.de\/index.php?rest_route=%2Fwp%2Fv2%2Fmedia&parent=294"}],"curies":[{"name":"wp","href":"https:\/\/api.w.org\/{rel}","templated":true}]}}