{"id":35,"date":"2021-11-20T18:36:34","date_gmt":"2021-11-20T17:36:34","guid":{"rendered":"https:\/\/janina.herz-geist-unio.de\/?page_id=35"},"modified":"2022-02-09T16:26:38","modified_gmt":"2022-02-09T15:26:38","slug":"karten-legen","status":"publish","type":"page","link":"https:\/\/janina.herz-geist-unio.de\/?page_id=35","title":{"rendered":"Karten legen"},"content":{"rendered":"\n<figure class=\"wp-block-image size-large\"><img loading=\"lazy\" decoding=\"async\" width=\"726\" height=\"1024\" src=\"https:\/\/janina.herz-geist-unio.de\/wp-content\/uploads\/2022\/02\/KA-726x1024.jpg\" alt=\"\" class=\"wp-image-317\" srcset=\"https:\/\/janina.herz-geist-unio.de\/wp-content\/uploads\/2022\/02\/KA-726x1024.jpg 726w, https:\/\/janina.herz-geist-unio.de\/wp-content\/uploads\/2022\/02\/KA-213x300.jpg 213w, https:\/\/janina.herz-geist-unio.de\/wp-content\/uploads\/2022\/02\/KA-768x1083.jpg 768w, https:\/\/janina.herz-geist-unio.de\/wp-content\/uploads\/2022\/02\/KA-1089x1536.jpg 1089w, https:\/\/janina.herz-geist-unio.de\/wp-content\/uploads\/2022\/02\/KA-1452x2048.jpg 1452w, https:\/\/janina.herz-geist-unio.de\/wp-content\/uploads\/2022\/02\/KA-scaled.jpg 1815w\" sizes=\"auto, (max-width: 726px) 100vw, 726px\" \/><figcaption>&#8222;KA&#8220; gemalt von DaWi<\/figcaption><\/figure>\n\n\n\n<p class=\"has-drop-cap\">Das Legen von Tarot-Karten kann in Situationen, wo man vor schwierigen Entscheidungen steht, eine gute Hilfe sein. Auch wenn die Entscheidung immer noch selbst zu treffen ist, so ist das Kartenlegen doch ein praktischer und schneller Weg, um sich vom &#8222;Schicksal&#8220; eine Tendenz aufzeigen zu lassen: Stehen die Aussichten g\u00fcnstig oder ung\u00fcnstig oder ist die Situation uneindeutig und ambivalent?<\/p>\n\n\n\n<p>Ich w\u00fcrde Tarot vor allem an Punkten auf dem Weg empfehlen, wo es darum geht sich zu entscheiden, und wenn man ein Typ ist, der sich mit dem Treffen von Entscheidungen grunds\u00e4tzlich schwertut (so wie ich).<\/p>\n\n\n\n<p>Wichtig ist aber, dass es nicht die Karten sind, die letztlich die Entscheidung treffen. Wir sind immer frei darin, ihren Rat zur\u00fcckzuweisen und ganz anders zu entscheiden, ohne dass das in irgendeiner Weise Nachteile bringen muss.<\/p>\n\n\n\n<p>Auch beim Kartenlegen ist es wichtig, eine konkrete Frage zu haben und zu stellen, die die Karten dann beantworten. Nur dann ist ein Legen von Tarot-Karten aus meiner Sicht sinnvoll.<\/p>\n\n\n\n<p>Die Karten sollten nach jedem Legen in die Ausgangsreihenfolge gebracht werden, so dass sie frei von pers\u00f6nlichen Einfl\u00fcssen sind. Idealerweise stellt der Fragende seine Frage laut und ber\u00fchrt dabei zur Energie\u00fcbertragung den Kartenstapel und mischt anschlie\u00dfend selbst die Karten so lange, bis er es f\u00fcr ausreichend h\u00e4lt und den fertig gemischten Stapel dem Deuter \u00fcbergibt. So wird eine Beeinflussung durch den Deuter ausgeschlossen.<\/p>\n\n\n\n<p>Ich bevorzuge als Legemuster den 10-Karten-Spread, weil er ein sehr umfassendes Bild aus vielf\u00e4ltigen Perspektiven zeichnet und die Zeitebenen Gegenwart, Vergangenheit und Zukunft sowie die Innen- und Au\u00dfenperspektive im Hinblick auf die Frage einbezieht. Das kann eine ganzheitliche Entscheidung am besten unterst\u00fctzen.<\/p>\n\n\n\n<p>Mein Angebot an Dich bezieht sich nicht nur auf das reine Kartenlegen mit seiner konkreten Deutung, sondern es darf sich gerne ein umfassendes Gespr\u00e4ch drumherum entwickeln. Umso besser kann ich Dir auch dabei helfen die Antwort der Karten ins Bild einzuordnen. Sollte eine Frage schnell beantwortet und noch Zeit \u00fcbrig sein, darfst Du auch gerne noch weitere Fragen an die Karten richten.<\/p>\n","protected":false},"excerpt":{"rendered":"<p>Das Legen von Tarot-Karten kann in Situationen, wo man vor schwierigen Entscheidungen steht, eine gute Hilfe sein. Auch wenn die Entscheidung immer noch selbst zu treffen ist, so ist das Kartenlegen doch ein praktischer und schneller Weg, um sich vom <a class=\"more-link\" href=\"https:\/\/janina.herz-geist-unio.de\/?page_id=35\">weiterlesen&#8230;<\/a><\/p>\n","protected":false},"author":1,"featured_media":0,"parent":0,"menu_order":0,"comment_status":"closed","ping_status":"closed","template":"","meta":{"footnotes":""},"class_list":["post-35","page","type-page","status-publish","hentry"],"_links":{"self":[{"href":"https:\/\/janina.herz-geist-unio.de\/index.php?rest_route=\/wp\/v2\/pages\/35","targetHints":{"allow":["GET"]}}],"collection":[{"href":"https:\/\/janina.herz-geist-unio.de\/index.php?rest_route=\/wp\/v2\/pages"}],"about":[{"href":"https:\/\/janina.herz-geist-unio.de\/index.php?rest_route=\/wp\/v2\/types\/page"}],"author":[{"embeddable":true,"href":"https:\/\/janina.herz-geist-unio.de\/index.php?rest_route=\/wp\/v2\/users\/1"}],"replies":[{"embeddable":true,"href":"https:\/\/janina.herz-geist-unio.de\/index.php?rest_route=%2Fwp%2Fv2%2Fcomments&post=35"}],"version-history":[{"count":5,"href":"https:\/\/janina.herz-geist-unio.de\/index.php?rest_route=\/wp\/v2\/pages\/35\/revisions"}],"predecessor-version":[{"id":318,"href":"https:\/\/janina.herz-geist-unio.de\/index.php?rest_route=\/wp\/v2\/pages\/35\/revisions\/318"}],"wp:attachment":[{"href":"https:\/\/janina.herz-geist-unio.de\/index.php?rest_route=%2Fwp%2Fv2%2Fmedia&parent=35"}],"curies":[{"name":"wp","href":"https:\/\/api.w.org\/{rel}","templated":true}]}}