{"id":78,"date":"2021-11-23T15:26:20","date_gmt":"2021-11-23T14:26:20","guid":{"rendered":"https:\/\/janina.herz-geist-unio.de\/?page_id=78"},"modified":"2022-08-28T14:08:21","modified_gmt":"2022-08-28T12:08:21","slug":"startseite","status":"publish","type":"page","link":"https:\/\/janina.herz-geist-unio.de\/","title":{"rendered":"Sei gegr\u00fc\u00dft!"},"content":{"rendered":"\n<div class=\"wp-block-group\"><div class=\"wp-block-group__inner-container is-layout-flow wp-block-group-is-layout-flow\"><\/div><\/div>\n\n\n\n<p class=\"has-drop-cap has-text-align-left\">Warum bist Du hier? Vielleicht wei\u00dft Du das noch gar nicht so genau. Dann bist Du hier richtig, denn ich will Dir helfen es herauszufinden.<\/p>\n\n\n\n<p>Ich bin Janina. Ich gehe meinen eigenen Weg. Ich lebe meine Berufung. Ich bin gl\u00fccklich und erf\u00fcllt. Ich liebe und werde geliebt. Ich kenne den Sinn meines Lebens. Ich glaube, dass das Leben mit dem irdischen Sterben nicht endet, sondern weitergeht.<\/p>\n\n\n\n<p>Ich will Dir helfen, damit auch Du solche Aussagen \u00fcber Dein Leben machen kannst. <\/p>\n\n\n\n<p>Ich biete Dir an:<\/p>\n\n\n\n<ul class=\"wp-block-list\"><li>Richtig fragen<\/li><li>Existentielle und theologische Gespr\u00e4che<\/li><li>Abschied &amp; Trauerbegleitung<\/li><li>Liebe erleben<\/li><li>Traumanalyse \/ Intuitives Malen<\/li><li>Karten legen<\/li><li>Geistkontakt<\/li><\/ul>\n\n\n\n<p>Um herauszufinden, ob ich Deinen Erwartungen entspreche, ob Du mir vertrauen kannst und Dich menschlich mit mir wohlf\u00fchlst, kannst Du mich gerne f\u00fcr ein Kennenlerngespr\u00e4ch kontaktieren.<\/p>\n\n\n\n<p>Wenn Du anschlie\u00dfend eines meiner Angebote annehmen m\u00f6chtest, betr\u00e4gt mein Honorar f\u00fcr eine Sitzung (ein bis eineinhalb Stunden) 70 EUR.<\/p>\n\n\n\n<p>Wir k\u00f6nnen die Beratung wahlweise telefonisch, per Skype oder ganz pers\u00f6nlich machen. Im letzteren Fall w\u00fcrde ich Dich zu mir nach Hause einladen oder ich w\u00fcrde zu Dir kommen, wenn Du das w\u00fcnschst und die Entfernung akzeptabel ist  (gegen Aufpreis).<\/p>\n\n\n\n<p>Ich freue mich auf Nachricht oder Anruf von Dir!<\/p>\n\n\n\n<div class=\"wp-block-columns is-layout-flex wp-container-core-columns-is-layout-9d6595d7 wp-block-columns-is-layout-flex\">\n<div class=\"wp-block-column is-layout-flow wp-block-column-is-layout-flow\" style=\"flex-basis:50%\">\n<p>Tel.: 01525 5984275<\/p>\n<\/div>\n\n\n\n<div class=\"wp-block-column is-layout-flow wp-block-column-is-layout-flow\" style=\"flex-basis:50%\">\n<p>E-Mail: janina.serfas[aT]gmx[dot]net<\/p>\n<\/div>\n<\/div>\n","protected":false},"excerpt":{"rendered":"<p>Warum bist Du hier? Vielleicht wei\u00dft Du das noch gar nicht so genau. Dann bist Du hier richtig, denn ich will Dir helfen es herauszufinden. Ich bin Janina. Ich gehe meinen eigenen Weg. Ich lebe meine Berufung. Ich bin gl\u00fccklich <a class=\"more-link\" href=\"https:\/\/janina.herz-geist-unio.de\/\">weiterlesen&#8230;<\/a><\/p>\n","protected":false},"author":2,"featured_media":0,"parent":0,"menu_order":0,"comment_status":"closed","ping_status":"closed","template":"","meta":{"footnotes":""},"class_list":["post-78","page","type-page","status-publish","hentry"],"_links":{"self":[{"href":"https:\/\/janina.herz-geist-unio.de\/index.php?rest_route=\/wp\/v2\/pages\/78","targetHints":{"allow":["GET"]}}],"collection":[{"href":"https:\/\/janina.herz-geist-unio.de\/index.php?rest_route=\/wp\/v2\/pages"}],"about":[{"href":"https:\/\/janina.herz-geist-unio.de\/index.php?rest_route=\/wp\/v2\/types\/page"}],"author":[{"embeddable":true,"href":"https:\/\/janina.herz-geist-unio.de\/index.php?rest_route=\/wp\/v2\/users\/2"}],"replies":[{"embeddable":true,"href":"https:\/\/janina.herz-geist-unio.de\/index.php?rest_route=%2Fwp%2Fv2%2Fcomments&post=78"}],"version-history":[{"count":39,"href":"https:\/\/janina.herz-geist-unio.de\/index.php?rest_route=\/wp\/v2\/pages\/78\/revisions"}],"predecessor-version":[{"id":395,"href":"https:\/\/janina.herz-geist-unio.de\/index.php?rest_route=\/wp\/v2\/pages\/78\/revisions\/395"}],"wp:attachment":[{"href":"https:\/\/janina.herz-geist-unio.de\/index.php?rest_route=%2Fwp%2Fv2%2Fmedia&parent=78"}],"curies":[{"name":"wp","href":"https:\/\/api.w.org\/{rel}","templated":true}]}}